{"id":1284,"date":"2018-08-31T15:55:19","date_gmt":"2018-08-31T18:55:19","guid":{"rendered":"https:\/\/enssarmiento-sjn.infd.edu.ar\/sitio\/autoridades\/"},"modified":"2025-11-16T22:03:57","modified_gmt":"2025-11-17T01:03:57","slug":"autoridades","status":"publish","type":"page","link":"https:\/\/enssarmiento-sjn.infd.edu.ar\/sitio\/autoridades\/","title":{"rendered":"Autoridades"},"content":{"rendered":"<p style=\"text-align: left;\"><strong><span style=\"font-size: 12pt; color: #000000;\"><span style=\"font-family: arial, helvetica, sans-serif;\">RECTOR<\/span><\/span><\/strong><\/p>\n<ul>\n<li style=\"text-align: left;\"><strong><span style=\"font-size: 12pt; font-family: arial, helvetica, sans-serif; color: #ff6600;\"><span style=\"color: #000000;\">Mg. Carlos Canga<\/span><\/span><\/strong><\/li>\n<\/ul>\n<p><span style=\"color: #000000;\"><strong>VICERRECTORA<\/strong><\/span><\/p>\n<ul>\n<li><strong><span style=\"color: #000000;\">Lic. Rita Iba\u00f1ez<\/span><\/strong><\/li>\n<\/ul>\n<p style=\"text-align: left;\"><span style=\"font-family: arial, helvetica, sans-serif; font-size: 12pt;\"><strong><span style=\"color: #000000;\">REGENTE<\/span><\/strong><\/span><strong><br \/>\n<\/strong><\/p>\n<ul>\n<li><strong>&#8212;&#8212;&#8212;&#8212;&#8212;<\/strong><\/li>\n<\/ul>\n<p><strong><span style=\"font-size: 12pt; color: #cc6600; font-family: Arial;\"><span style=\"color: #000080;\"><span style=\"color: #003366;\"><span style=\"color: #000000;\">JEFA DEL DEPARTAMENTO DE DESARROLLO PROFESIONAL DOCENTE:<\/span><\/span><\/span><\/span><\/strong><\/p>\n<ul>\n<li><strong>Prof. Alejandra De Los R\u00edos<\/strong><\/li>\n<\/ul>\n<p><strong><span style=\"font-size: 12pt; color: #cc6600; font-family: Arial;\"><span style=\"color: #000080;\"><span style=\"color: #003366;\"><span style=\"color: #000000;\">JEFA DEL DEPARTAMENTO DE FORMACI\u00d3N INICIAL:<\/span><\/span><\/span><\/span><\/strong><\/p>\n<ul>\n<li><strong>Prof. Mart\u00edn Lillo<\/strong><\/li>\n<\/ul>\n<p><strong><span style=\"font-size: 12pt; color: #cc6600; font-family: Arial;\"><span style=\"color: #000080;\"><span style=\"color: #003366;\"><span style=\"color: #000000;\">JEFA DEL DEPARTAMENTO DE INVESTIGACI\u00d3N, PROMOCI\u00d3N Y DESARROLLO:<\/span><\/span><\/span><\/span><\/strong><\/p>\n<ul>\n<li><strong>Prof. Anabel Cinthia Bonada<\/strong><\/li>\n<\/ul>\n<p><span style=\"color: #000000;\"><strong><span style=\"font-size: 12pt; font-family: Arial;\">CONSEJO CONSULTIVO:<\/span><\/strong><\/span><\/p>\n<ul>\n<li><span style=\"color: #000000;\"><strong><span style=\"font-size: 12pt; font-family: Arial;\">Integrado por autoridades, docentes y alumnos<\/span><\/strong><\/span><\/li>\n<\/ul>\n<p style=\"text-align: center;\">\n","protected":false},"excerpt":{"rendered":"<p>RECTOR Mg. Carlos Canga VICERRECTORA Lic. Rita Iba\u00f1ez REGENTE &#8212;&#8212;&#8212;&#8212;&#8212; JEFA DEL DEPARTAMENTO DE DESARROLLO PROFESIONAL DOCENTE: Prof. Alejandra De Los R\u00edos JEFA DEL DEPARTAMENTO DE FORMACI\u00d3N INICIAL: Prof. Mart\u00edn Lillo JEFA DEL DEPARTAMENTO DE INVESTIGACI\u00d3N, PROMOCI\u00d3N Y DESARROLLO: Prof. Anabel Cinthia Bonada CONSEJO CONSULTIVO: Integrado por autoridades, docentes y alumnos<\/p>\n","protected":false},"author":2931,"featured_media":0,"parent":0,"menu_order":0,"comment_status":"closed","ping_status":"closed","template":"","meta":[],"acf":[],"_links":{"self":[{"href":"https:\/\/enssarmiento-sjn.infd.edu.ar\/sitio\/wp-json\/wp\/v2\/pages\/1284"}],"collection":[{"href":"https:\/\/enssarmiento-sjn.infd.edu.ar\/sitio\/wp-json\/wp\/v2\/pages"}],"about":[{"href":"https:\/\/enssarmiento-sjn.infd.edu.ar\/sitio\/wp-json\/wp\/v2\/types\/page"}],"author":[{"embeddable":true,"href":"https:\/\/enssarmiento-sjn.infd.edu.ar\/sitio\/wp-json\/wp\/v2\/users\/2931"}],"replies":[{"embeddable":true,"href":"https:\/\/enssarmiento-sjn.infd.edu.ar\/sitio\/wp-json\/wp\/v2\/comments?post=1284"}],"version-history":[{"count":13,"href":"https:\/\/enssarmiento-sjn.infd.edu.ar\/sitio\/wp-json\/wp\/v2\/pages\/1284\/revisions"}],"predecessor-version":[{"id":4364,"href":"https:\/\/enssarmiento-sjn.infd.edu.ar\/sitio\/wp-json\/wp\/v2\/pages\/1284\/revisions\/4364"}],"wp:attachment":[{"href":"https:\/\/enssarmiento-sjn.infd.edu.ar\/sitio\/wp-json\/wp\/v2\/media?parent=1284"}],"curies":[{"name":"wp","href":"https:\/\/api.w.org\/{rel}","templated":true}]}}