{"id":1272,"date":"2018-08-31T15:55:14","date_gmt":"2018-08-31T18:55:14","guid":{"rendered":"https:\/\/enssarmiento-sjn.infd.edu.ar\/sitio\/centro-de-estudiantes\/"},"modified":"2025-02-21T20:07:42","modified_gmt":"2025-02-21T23:07:42","slug":"centro-de-estudiantes","status":"publish","type":"page","link":"https:\/\/enssarmiento-sjn.infd.edu.ar\/sitio\/centro-de-estudiantes\/","title":{"rendered":"Centro de Estudiantes"},"content":{"rendered":"<p>El objetivo de este Centro es promover acciones \u00edntegras y acordes con la cultura institucional, los prop\u00f3sitos de la formaci\u00f3n docente, velar por los intereses de los alumnos, promover acciones democr\u00e1ticas, respetar las funciones acad\u00e9micas-pedag\u00f3gicas y administrativas del Instituto Formador y apoyar las iniciativas que est\u00e9n de acuerdo con los fines del centro, a saber:<\/p>\n<ul>\n<li>Promover, la participaci\u00f3n comprometida, la defensa de las instituciones democr\u00e1ticas, el pluralismo de ideas, la libertad de expresi\u00f3n, el desarrollo cultural y la formaci\u00f3n integral del alumno.<\/li>\n<li>Propiciar la participaci\u00f3n de todos los alumnos en las actividades programadas por el Centro, ya sean acad\u00e9micas, extracurriculares, culturales, deportivas, sociales, recreativas, art\u00edsticas, etc.<\/li>\n<li>Receptar y viabilizar todas las inquietudes de los alumnos que se relacionen con el fin para el que fue creada la presente asociaci\u00f3n.<\/li>\n<li>Estimular la cordialidad, el compa\u00f1erismo y la comprensi\u00f3n entre los actores institucionales, como as\u00ed tambi\u00e9n fomentar el esp\u00edritu de uni\u00f3n y confraternidad entre ellos.<\/li>\n<li>Promover toda actividad relacionada con la protecci\u00f3n del medioambiente, higiene y salud.<\/li>\n<li>Ejercer una correcta y responsable representaci\u00f3n de los estudiantes.<\/li>\n<li>Promover acciones de participaci\u00f3n y\/o colaboraci\u00f3n con otras instituciones del medio.<\/li>\n<\/ul>\n<h4 style=\"text-align: center;\"><strong>Comisi\u00f3n Directiva<\/strong><\/h4>\n<p style=\"text-align: center;\"><em><strong>Ciclo Lectivo 2024<\/strong><\/em><\/p>\n<ul>\n<li>PRESIDENTE: Gonzalo Maldonado (PEP)<\/li>\n<li>VICEPRESIDENTE: Nahir Quiroga (PEP)<\/li>\n<li>SECRETARIA GENERAL: Daiana Herrera (PEI)<\/li>\n<li>SECRETARIA DE ACTAS: Julieta Andujar (PEI)<\/li>\n<li>TESORERA: Agostina Avila (PEP)<\/li>\n<li>VOCAL 1\u00b0: Florencia Espina (PEI)<\/li>\n<li>VOCAL 2\u00b0: Camila Bazan (PEI)<\/li>\n<li>VOCAL 3\u00b0: Natalia Riveros (PEI)<\/li>\n<li>VOCAL 4\u00b0: Brisa Abrigo (PEI)<\/li>\n<\/ul>\n<p><img decoding=\"async\" loading=\"lazy\" class=\"alignnone size-medium wp-image-3992\" src=\"https:\/\/enssarmiento-sjn.infd.edu.ar\/sitio\/wp-content\/uploads\/2024\/05\/CE-2024-1-1000x750.jpg\" alt=\"\" width=\"1000\" height=\"750\" srcset=\"https:\/\/enssarmiento-sjn.infd.edu.ar\/sitio\/wp-content\/uploads\/2024\/05\/CE-2024-1-1000x750.jpg 1000w, https:\/\/enssarmiento-sjn.infd.edu.ar\/sitio\/wp-content\/uploads\/2024\/05\/CE-2024-1-768x576.jpg 768w, https:\/\/enssarmiento-sjn.infd.edu.ar\/sitio\/wp-content\/uploads\/2024\/05\/CE-2024-1-1536x1152.jpg 1536w, https:\/\/enssarmiento-sjn.infd.edu.ar\/sitio\/wp-content\/uploads\/2024\/05\/CE-2024-1.jpg 1600w\" sizes=\"(max-width: 1000px) 100vw, 1000px\" \/><\/p>\n","protected":false},"excerpt":{"rendered":"<p>El objetivo de este Centro es promover acciones \u00edntegras y acordes con la cultura institucional, los prop\u00f3sitos de la formaci\u00f3n docente, velar por los intereses de los alumnos, promover acciones democr\u00e1ticas, respetar las funciones acad\u00e9micas-pedag\u00f3gicas y administrativas del Instituto Formador y apoyar las iniciativas que est\u00e9n de acuerdo con los fines del centro, a saber: &#8230; <a title=\"Centro de Estudiantes\" class=\"read-more\" href=\"https:\/\/enssarmiento-sjn.infd.edu.ar\/sitio\/centro-de-estudiantes\/\" aria-label=\"More on Centro de Estudiantes\">[+]<\/a><\/p>\n","protected":false},"author":3208,"featured_media":2253,"parent":0,"menu_order":0,"comment_status":"closed","ping_status":"closed","template":"","meta":[],"acf":[],"_links":{"self":[{"href":"https:\/\/enssarmiento-sjn.infd.edu.ar\/sitio\/wp-json\/wp\/v2\/pages\/1272"}],"collection":[{"href":"https:\/\/enssarmiento-sjn.infd.edu.ar\/sitio\/wp-json\/wp\/v2\/pages"}],"about":[{"href":"https:\/\/enssarmiento-sjn.infd.edu.ar\/sitio\/wp-json\/wp\/v2\/types\/page"}],"author":[{"embeddable":true,"href":"https:\/\/enssarmiento-sjn.infd.edu.ar\/sitio\/wp-json\/wp\/v2\/users\/3208"}],"replies":[{"embeddable":true,"href":"https:\/\/enssarmiento-sjn.infd.edu.ar\/sitio\/wp-json\/wp\/v2\/comments?post=1272"}],"version-history":[{"count":15,"href":"https:\/\/enssarmiento-sjn.infd.edu.ar\/sitio\/wp-json\/wp\/v2\/pages\/1272\/revisions"}],"predecessor-version":[{"id":4306,"href":"https:\/\/enssarmiento-sjn.infd.edu.ar\/sitio\/wp-json\/wp\/v2\/pages\/1272\/revisions\/4306"}],"wp:featuredmedia":[{"embeddable":true,"href":"https:\/\/enssarmiento-sjn.infd.edu.ar\/sitio\/wp-json\/wp\/v2\/media\/2253"}],"wp:attachment":[{"href":"https:\/\/enssarmiento-sjn.infd.edu.ar\/sitio\/wp-json\/wp\/v2\/media?parent=1272"}],"curies":[{"name":"wp","href":"https:\/\/api.w.org\/{rel}","templated":true}]}}